Does 321 divide 866675551?
False
Does 15 divide 479330400?
True
Is 422859864 a multiple of 56?
True
Is 5 a factor of 11807649?
False
Is 373244230 a multiple of 5?
True
Does 7 divide 8429859?
False
Is 15 a factor of 977628360?
True
Is 20 a factor of 6640027120?
True
Does 130 divide 228190106?
False
Is 57963195 a multiple of 1503?
True
Is 48034280 a multiple of 38?
True
Does 2799 divide 7129053?
True
Is 177673980 a multiple of 30?
True
Is 25680945 a multiple of 2085?
True
Does 33 divide 56925711?
False
Is 733 a factor of 394396451?
False
Is 42 a factor of 97644792?
True
Does 106 divide 56327512?
False
Does 847 divide 76863054?
False
Is 1799 a factor of 289266607?
True
Is 1492918941 a multiple of 61?
True
Is 2200 a factor of 233427445?
False
Is 1127 a factor of 28788088?
True
Is 584957409 a multiple of 943?
False
Does 16 divide 269222486?
False
Is 122 a factor of 1893766884?
False
Is 66533709 a multiple of 1047?
True
Does 108 divide 5173825481?
False
Is 88 a factor of 296169735?
False
Is 142999172 a multiple of 34?
True
Is 53 a factor of 133646708?
True
Does 12 divide 28996587?
False
Does 1009 divide 164396875?
False
Is 15222480 a multiple of 7462?
True
Is 227421538 a multiple of 22?
False
Is 61693379 a multiple of 337?
False
Is 470 a factor of 301005427?
False
Is 1076390 a multiple of 35?
True
Does 3 divide 15811940?
False
Is 566985923 a multiple of 168?
False
Is 3475 a factor of 12683681?
False
Is 32 a factor of 36398431?
False
Is 34057194 a multiple of 29?
True
Is 2596817600 a multiple of 260?
True
Does 429 divide 1995390787?
False
Is 4 a factor of 45624347?
False
Is 36477909 a multiple of 1807?
True
Is 425 a factor of 1103400929?
False
Is 7280820 a multiple of 695?
True
Is 436 a factor of 158300463?
False
Does 1974 divide 8052655?
False
Does 10 divide 588943?
False
Is 48 a factor of 2791000433?
False
Is 4919 a factor of 40295049?
False
Does 192 divide 130938553?
False
Does 5 divide 90306240?
True
Does 15 divide 2533636350?
True
Is 280188545 a multiple of 13?
True
Is 862274461 a multiple of 3758?
False
Is 11396078 a multiple of 2232?
False
Does 5 divide 69547535?
True
Is 44202652 a multiple of 307?
False
Does 106 divide 33280396?
True
Is 8144045113 a multiple of 19?
False
Is 1458354023 a multiple of 329?
True
Does 117 divide 55212300?
True
Does 29 divide 337831092?
True
Does 170 divide 9725190?
True
Is 19 a factor of 92554763?
False
Is 407165801 a multiple of 90?
False
Is 29 a factor of 14830252?
True
Is 93 a factor of 3282935991?
True
Is 11890 a factor of 1252611500?
True
Is 167 a factor of 16998272?
False
Is 1561896654 a multiple of 43?
True
Is 13 a factor of 852082584?
False
Is 277898661 a multiple of 41?
False
Is 1088 a factor of 166670332?
False
Is 5170 a factor of 2467806440?
True
Is 489412152 a multiple of 199?
False
Is 136304309 a multiple of 177?
False
Is 38431445 a multiple of 2061?
False
Is 44 a factor of 54363695?
False
Does 17 divide 87291619?
False
Does 83 divide 57348944?
False
Is 36 a factor of 32796720?
True
Is 4187596336 a multiple of 5549?
False
Does 3 divide 12535766?
False
Does 162 divide 152413612?
False
Does 285 divide 383794395?
True
Is 1564666264 a multiple of 1564?
True
Is 13 a factor of 6338150?
True
Is 4 a factor of 54712199?
False
Does 55 divide 782570660?
False
Is 340 a factor of 17888420?
True
Is 42 a factor of 74541379?
False
Is 23148846 a multiple of 18?
True
Is 229262 a multiple of 12?
False
Does 27 divide 3514300?
False
Does 2 divide 404078?
True
Is 1800 a factor of 5023073168?
False
Is 107981326 a multiple of 29?
True
Does 10 divide 1166623048?
False
Is 1413501279 a multiple of 794?
False
Is 16554447 a multiple of 63?
True
Is 2622 a factor of 688191096?
True
Does 28 divide 59680068?
True
Is 16 a factor of 1397517180?
False
Is 395811188 a multiple of 505?
False
Is 14 a factor of 56982436?
True
Is 56 a factor of 74898040?
True
Is 838 a factor of 324295120?
False
Is 52086912 a multiple of 17?
True
Is 638 a factor of 19365951?
False
Is 16 a factor of 90501152?
True
Is 666099876 a multiple of 101?
False
Is 3111 a factor of 144795273?
True
Does 425 divide 26395193?
False
Does 40 divide 203585873?
False
Does 31 divide 4101148503?
True
Does 3 divide 14166000?
True
Does 74 divide 202506658?
False
Is 1049 a factor of 11018696?
True
Does 729 divide 8098461?
True
Is 13315275 a multiple of 3?
True
Is 3687668 even?
True
Does 2 divide 13912706?
True
Is 2259 a factor of 17025974?
False
Does 229 divide 237141637?
True
Does 1457 divide 3965222635?
False
Is 8 a factor of 2682312?
True
Is 256875244 a multiple of 3364?
False
Does 2762 divide 5744691?
False
Is 93 a factor of 15253680?
False
Is 15 a factor of 14255998?
False
Is 186354425 a multiple of 20?
False
Does 54 divide 3092994524?
False
Is 503852320 a multiple of 80?
True
Is 9478607 a multiple of 61?
True
Does 3 divide 2175939?
True
Does 60 divide 47694000?
True
Is 109 a factor of 156923376?
True
Is 186073349 a multiple of 2?
False
Is 7 a factor of 15624539?
True
Does 562 divide 44225466?
True
Does 1499 divide 201808871?
True
Is 4449504584 a multiple of 49?
True
Is 83422182 a multiple of 48?
False
Is 1016 a factor of 158155640?
True
Does 509 divide 261944125?
True
Does 15 divide 136245138?
False
Does 362 divide 31546490?
True
Is 42 a factor of 305336589?
False
Is 32 a factor of 1137558848?
True
Is 112089600 a multiple of 256?
True
Does 12 divide 258057252?
True
Is 680 a factor of 297992320?
True
Does 7 divide 41954821?
False
Is 16 a factor of 1402187520?
True
Is 37 a factor of 49910706?
True
Does 5 divide 35856592?
False
Is 1389684461 a multiple of 341?
True
Does 102 divide 112536702?
True
Is 651354837 a multiple of 30?
False
Does 50 divide 59525805?
False
Is 222920689 a multiple of 14735?
False
Is 304117683 a multiple of 32?
False
Is 54475263 a multiple of 308?
False
Does 3 divide 20244849?
True
Does 27 divide 37100565?
True
Does 13 divide 13945366?
False
Does 950 divide 208860350?
True
Is 907 a factor of 164045462?
True
Does 352 divide 44400576?
True
Is 19 a factor of 2912795?
True
Is 2822430340 a multiple of 6014?
True
Is 261301815 a multiple of 85?
True
Is 69 a factor of 2861665331?
False
Does 12 divide 20988?
True
Is 780 a factor of 685982700?
True
Is 2052 a factor of 42677496?
True
Is 761410392 a multiple of 1094?
False
Is 937 a factor of 723873258?
False
Does 1103 divide 230389125?
True
Does 45 divide 111749405?
False
Does 866 divide 596031823?
False
Does 21 divide 217060316?
False
Is 96372288 a multiple of 32?
True
Is 634 a factor of 232564514?
True
Is 1056689675 a multiple of 29?
True
Does 18 divide 50867950?
False
Does 10 divide 13645649?
False
Does 938 divide 7982725?
False
Does 1701 divide 108678591?
True
Does 30 divide 1237243800?
True
Is 13618368 a multiple of 49?
False
Is 9 a factor of 3724524?
True
Is 56872286 a multiple of 913?
False
Is 382 a factor of 424341695?
False
Is 17 a factor of 4327827217?
False
Is 2 a factor of 5964457?
False
Does 41 divide 7096092?
False
Does 3271 divide 2649698911?
False
Is 94033609 a multiple of 600?
False
Is 28 a factor of 2977932412?
True
Does 2 divide 814398003?
False
Does 2840 divide 125439960?
True
Does 412 divide 6228542?
False
Does 4 divide 53219598?
False
Is 49 a factor of 135961981?
False
Is 13 a factor of 951703105?
False
Does 279 divide 9458658?
True
Does 266 divide 4943610?
True
Is 58688150 a multiple of 758?
True
Is 16156804 a multiple of 14?
False
Is 69357816 a multiple of 22?
True
Is 19 a factor of 1186200?
False
Is 11490496 a multiple of 328?
True
Is 4193 a factor of 2904172810?
False
Does 338 divide 219805794?
True
Is 7544101 a multiple of 360?
False
Is 13691296 a multiple of 1168?
True
Does 14 divide 35408907?
False
Does 170 divide 778940?
True
Is 262 a factor of 91394770?
True
Does 1157 divide 28462200?
True
Is 1767435 a multiple of 115?
True
Is 77543826 a multiple of 38?
True
Is 10557747 a multiple of 133?
False
Does 1114 divide 17821656?
False
Is 622 a factor of 642723174?
True
Is 120013534 a multiple of 5147?
False
Does 15 divide 759430200?
True
Does 25 divide 2223325?
True
Is 10793827 a multiple of 17?
True
Does 2680 divide 525397920?
True
Is 103 a factor of 48956254?
False
Is 17639283 a multiple of 51?
False
Is 35240556 a multiple of 156?
True
Is 125 a factor of 15825873?
False
Is 37 a factor of 522